, what is 15 + -3020?
-3001
In base 14, what is -1 + 167?
166
In base 3, what is -11211 + -100?
-12011
In base 11, what is -3a8 - 1?
-3a9
In base 8, what is -46 - 7?
-55
In base 12, what is -247b + -4?
-2483
In base 15, what is -1 + 12?
11
In base 12, what is 2 + -131?
-12b
In base 4, what is 2 - -23100?
23102
In base 10, what is -7843 + 0?
-7843
In base 14, what is -10a + -3?
-10d
In base 9, what is -1 + 25?
24
In base 2, what is -11 + -10101111?
-10110010
In base 3, what is 11 - -122010?
122021
In base 6, what is 1 - -33153?
33154
In base 10, what is 4 + -1442?
-1438
In base 12, what is -2b3 - -4?
-2ab
In base 7, what is -45 - 5?
-53
In base 3, what is -122202 + 1?
-122201
In base 3, what is 102 + 1101?
1210
In base 15, what is -9b + 23?
-78
In base 8, what is -46400 - 4?
-46404
In base 14, what is 28 - -2?
2a
In base 3, what is 21 + 1002022?
1002120
In base 11, what is -1 - 52?
-53
In base 16, what is -6 + ecc?
ec6
In base 9, what is -86 + -2?
-88
In base 15, what is 4 + 25a2?
25a6
In base 15, what is 1 + -ae?
-ad
In base 5, what is 21214 + -1?
21213
In base 15, what is 2 + 296?
298
In base 10, what is 15 + -357?
-342
In base 5, what is -1 + -1144?
-1200
In base 13, what is 5 + 1672?
1677
In base 3, what is 10 - 10222?
-10212
In base 12, what is -1 - 97?
-98
In base 8, what is 1 + 167?
170
In base 16, what is -2 + b8c?
b8a
In base 8, what is 301 - -2?
303
In base 11, what is 441 - 14?
428
In base 4, what is -213033 - 10?
-213103
In base 9, what is -7 + -414?
-422
In base 15, what is 144 - 10?
134
In base 13, what is 12 + c5?
107
In base 9, what is 10 - -4?
14
In base 15, what is 3 - -14?
17
In base 2, what is -11101 + 10000?
-1101
In base 7, what is -1150 - 5?
-1155
In base 14, what is 8 + -5c?
-54
In base 13, what is -285a + -1?
-285b
In base 10, what is 136 + 16?
152
In base 16, what is -2 + 71e?
71c
In base 12, what is -7 + 240?
235
In base 16, what is -1db + -3f?
-21a
In base 6, what is -150 - -5?
-141
In base 9, what is -8 - -18?
10
In base 13, what is -89 + -8?
-94
In base 14, what is 6 + -29?
-23
In base 9, what is -16 + 763?
746
In base 5, what is 4 - -1114?
1123
In base 12, what is 8 + 37?
43
In base 13, what is -1 - 88?
-89
In base 8, what is -214 - 6?
-222
In base 6, what is 100 + 100?
200
In base 14, what is 3c + 2?
40
In base 9, what is -21437 + -1?
-21438
In base 7, what is -433 + -3?
-436
In base 13, what is -69 + -5?
-71
In base 8, what is 1045 + -15?
1030
In base 6, what is -322 + 0?
-322
In base 16, what is 1 + -12c?
-12b
In base 2, what is 1001000111 + -1?
1001000110
In base 15, what is -7 - 15?
-1c
In base 9, what is 11 + -1?
10
In base 2, what is -101 + 111001010011?
111001001110
In base 2, what is -1011 + 10001100?
10000001
In base 3, what is 10220002 + 0?
10220002
In base 7, what is -6642 - -4?
-6635
In base 5, what is 3 - -1312?
1320
In base 16, what is -e + 0?
-e
In base 15, what is -2 - -23?
21
In base 10, what is -5 - 247?
-252
In base 9, what is -3 + 57?
54
In base 10, what is 0 + 72?
72
In base 12, what is -4 + -4a?
-52
In base 12, what is 0 + 207?
207
In base 6, what is -3320 + 1?
-3315
In base 8, what is 15 - 422?
-405
In base 15, what is 21 + 10?
31
In base 10, what is 37 + 33?
70
In base 11, what is -6 + 5?
-1
In base 4, what is 3002 - 2?
3000
In base 14, what is 2311 - -4?
2315
In base 14, what is 30 - 0?
30
In base 12, what is -1223 + 3?
-1220
In base 3, what is -12 - -1210121?
1210102
In base 16, what is 41e - 1?
41d
In base 8, what is -1 + 7?
6
In base 9, what is 4485 + 0?
4485
In base 5, what is -122202 - -3?
-122144
In base 4, what is -10 - 113?
-123
In base 5, what is -214 + 12?
-202
In base 8, what is -64 + 123?
37
In base 5, what is 100110 + 2?
100112
In base 15, what is -e4c + 2?
-e4a
In base 16, what is -3 + 10d?
10a
In base 6, what is 5 - -353?
402
In base 15, what is 9c8 - 1?
9c7
In base 7, what is 2 + 40?
42
In base 12, what is a + 7?
15
In base 15, what is 0 + -26c?
-26c
In base 4, what is 13 + -120103?
-120030
In base 10, what is -79 + 42?
-37
In base 12, what is 9a - 3?
97
In base 2, what is -1011 + -11?
-1110
In base 15, what is 28 - -b?
34
In base 16, what is 7 - 1c?
-15
In base 4, what is -12 + 1?
-11
In base 15, what is -6 + -1a?
-21
In base 8, what is -2 + 251?
247
In base 12, what is 64 - -19?
81
In base 15, what is -5 - 9e0?
-9e5
In base 2, what is -1010110 + -100?
-1011010
In base 5, what is 13403 + -1?
13402
In base 4, what is -13313 - 0?
-13313
In base 7, what is -335 - 1?
-336
In base 2, what is 1001 - -11011011011?
11011100100
In base 2, what is -1110 + -11010101?
-11100011
In base 15, what is -263 - 2?
-265
In base 6, what is -2 - -23?
21
In base 5, what is -4044 + -1?
-4100
In base 3, what is 0 + -11100?
-11100
In base 16, what is -1 + -b?
-c
In base 4, what is 11221 + 3?
11230
In base 8, what is 6463 + 1?
6464
In base 12, what is 46 - -24?
6a
In base 11, what is -2 + 22?
20
In base 10, what is 331 + -2?
329
In base 15, what is 0 - -42?
42
In base 5, what is 4 - -31?
40
In base 7, what is -2204 - -32?
-2142
In base 9, what is 7 - -85?
103
In base 14, what is 5 + 326?
32b
In base 11, what is -5a0 + -4?
-5a4
In base 14, what is -3 - 34?
-37
In base 3, what is 120 + -12?
101
In base 3, what is -11 - -1212?
1201
In base 3, what is 111202211 + -12?
111202122
In base 16, what is -16d - -5?
-168
In base 8, what is 3 + -1?
2
In base 14, what is 0 + -2636?
-2636
In base 6, what is -2 - -32505?
32503
In base 5, what is 412 - 11?
401
In base 7, what is -1 + -4201?
-4202
In base 6, what is 4 + 2020?
2024
In base 13, what is 3 - 9?
-6
In base 13, what is 8 - 77?
-6c
In base 6, what is -2 + -11104?
-11110
In base 6, what is -253 + 1?
-252
In base 12, what is -5 + -60?
-65
In base 16, what is -1 - -222?
221
In base 7, what is -2242 + -5?
-2250
In base 16, what is -4 + 85?
81
In base 9, what is 4183 - -5?
4188
In base 15, what is 59 + -4?
55
In base 16, what is -2 - -75f?
75d
In base 5, what is 131 + -1?
130
In base 14, what is 0 - -38?
38
In base 16, what is -34 + -1?
-35
In base 7, what is 2 + 500?
502
In base 10, what is -33 + 16?
-17
In base 14, what is -137 + -5?
-13c
In base 13, what is 58 - -4?
5c
In base 11, what is -23 + -4a?
-72
In base 16, what is dc6 + -7?
dbf
In base 12, what is -5 - 74?
-79
In base 6, what is 355 - 0?
355
In base 6, what is -204 + -2?
-210
In base 10, what is -17540 + 4?
-17536
In base 6, what is 12241 - -2?
12243
In base 10, what is -12 - 32?
-44
In base 16, what is -51 - -1?
-50
In base 4, what is -23101 - -3?
-23032
In base 13, what is 5 + 30?
35
In base 5, what is -10 + -344?
-404
In base 6, what is 10 - 21?
-11
In base 3, what is -10201 - 1?
-10202
In base 8, what is 3 - -7322?
7325
In base 6, what is 1011 + 4?
1015
In base 6, what is -4050 + 1?
-4045
In base 7, what is -2041 - -3?
-2035
In base 7, what is -3 + -124?
-130
In base 5, what is -4 - 1040?
-1044
In base 5, what is -12 + -213?
-230
In base 8, what is -37 - 14?
-53
In base 13, what is -3 - -23?
20
In base 12, what is -4 + 1512?
150a
In base 16, what is -1 - -a?
9
In base 13, what is -2 + -8b1?
-8b3
In base 2, what is 1001010001111 - 1?
1001010001110
In base 11, what is -5761 - 1?
-5762
In base 7, what is 5233 + 5?
5241
In base 7, what is -3524 + 4?
-3520
In base 10, what is -36 + -12?
-48
In base 14, what is -3 - 29?
-2c
In base 16, what is 8 + -393?
-38b
In base 3, what is -1110 - 10212?
-12022
In base 10, what is 4306 + 3?
4309
In base 13, what is 477 + 2?
479
In base 3, what is -11002 + -112?
-11121
In base 14, what is -2 + 2ac?
2aa
In base 7, what is -211 + -3?
-214
In base 7, what is -5 + 1510?
1502
In base 15, what is 27 - -e?
36
In base 10, what is -129 - 4?
-133
In base 6, what is 1013 + -1?
1012
In base 14, what is -49 - 1?
-4a
In base 3, what is -1012 - -2111?
1022
In base 2, what is 1 - -110111001?
110111010
In base 16, what is 0 + 45?
45
In base 11, what is -1 - -4822?
4821
In base 8, what is -1135 + -3?
-1140
In base 4, what is 1103022 + 11?
1103033
In base 7, what is 24 - 142?
-115
In base 15, what is 4 - -62?
66
In base 14, what is -938 + 1?
-937
In base 14, what is -2 - 51?
-53
In base 15, what is -3 + 37a?
377
In base 5, what is -14 - -2?
-12
In base 12, what is -6 - 42?
-48
In base 15, what is 201 - 0?
201
In base 4, what is -1 - -122?
121
In base 3, what is 2 + 11102?
11111
